he prime factors of 39314.
2, 11, 1787
List the prime factors of 210.
2, 3, 5, 7
List the prime factors of 50189.
31, 1619
What are the prime factors of 460?
2, 5, 23
What are the prime factors of 8143?
17, 479
List the prime factors of 2365.
5, 11, 43
What are the prime factors of 807?
3, 269
What are the prime factors of 1393?
7, 199
List the prime factors of 6833.
6833
What are the prime factors of 139?
139
What are the prime factors of 19894?
2, 7, 29
List the prime factors of 1727.
11, 157
What are the prime factors of 19125?
3, 5, 17
What are the prime factors of 179915?
5, 35983
What are the prime factors of 61847?
23, 2689
What are the prime factors of 4727?
29, 163
What are the prime factors of 16142?
2, 7, 1153
What are the prime factors of 3943?
3943
List the prime factors of 4051.
4051
List the prime factors of 1970.
2, 5, 197
List the prime factors of 9940.
2, 5, 7, 71
List the prime factors of 266.
2, 7, 19
List the prime factors of 5581.
5581
List the prime factors of 1031.
1031
What are the prime factors of 68683?
68683
What are the prime factors of 2774?
2, 19, 73
List the prime factors of 73970.
2, 5, 13, 569
List the prime factors of 3232.
2, 101
List the prime factors of 96857.
96857
What are the prime factors of 61598?
2, 19, 1621
What are the prime factors of 3483?
3, 43
What are the prime factors of 27736?
2, 3467
What are the prime factors of 1007?
19, 53
What are the prime factors of 3632?
2, 227
What are the prime factors of 43936?
2, 1373
List the prime factors of 19327.
7, 11, 251
What are the prime factors of 10854?
2, 3, 67
List the prime factors of 5706.
2, 3, 317
List the prime factors of 2211.
3, 11, 67
What are the prime factors of 4185?
3, 5, 31
What are the prime factors of 10435?
5, 2087
What are the prime factors of 34584?
2, 3, 11, 131
List the prime factors of 2859.
3, 953
What are the prime factors of 90409?
11, 8219
What are the prime factors of 5479?
5479
List the prime factors of 13573.
7, 277
What are the prime factors of 2070?
2, 3, 5, 23
List the prime factors of 174194.
2, 251, 347
What are the prime factors of 2746?
2, 1373
What are the prime factors of 2533?
17, 149
List the prime factors of 1320.
2, 3, 5, 11
List the prime factors of 2413.
19, 127
List the prime factors of 17341.
17341
What are the prime factors of 13354?
2, 11, 607
List the prime factors of 57870.
2, 3, 5, 643
List the prime factors of 4097.
17, 241
List the prime factors of 120.
2, 3, 5
What are the prime factors of 100779?
3, 7, 4799
List the prime factors of 8081.
8081
List the prime factors of 734.
2, 367
What are the prime factors of 963?
3, 107
List the prime factors of 785.
5, 157
What are the prime factors of 840?
2, 3, 5, 7
List the prime factors of 130982.
2, 79, 829
List the prime factors of 991.
991
What are the prime factors of 12421?
12421
List the prime factors of 634.
2, 317
List the prime factors of 814.
2, 11, 37
What are the prime factors of 2885?
5, 577
What are the prime factors of 15396?
2, 3, 1283
What are the prime factors of 3421?
11, 311
List the prime factors of 3966.
2, 3, 661
List the prime factors of 22635.
3, 5, 503
What are the prime factors of 27942?
2, 3, 4657
What are the prime factors of 1343?
17, 79
What are the prime factors of 2124?
2, 3, 59
List the prime factors of 32035.
5, 43, 149
What are the prime factors of 22334?
2, 13, 859
What are the prime factors of 17005?
5, 19, 179
List the prime factors of 18006.
2, 3, 3001
What are the prime factors of 463?
463
What are the prime factors of 451?
11, 41
What are the prime factors of 17565?
3, 5, 1171
What are the prime factors of 4234?
2, 29, 73
List the prime factors of 23162.
2, 37, 313
What are the prime factors of 12768?
2, 3, 7, 19
List the prime factors of 2146.
2, 29, 37
List the prime factors of 3000.
2, 3, 5
List the prime factors of 523.
523
List the prime factors of 36151.
36151
What are the prime factors of 800?
2, 5
List the prime factors of 9649.
9649
What are the prime factors of 2401?
7
List the prime factors of 642.
2, 3, 107
List the prime factors of 124749.
3, 83, 167
What are the prime factors of 1205?
5, 241
List the prime factors of 69945.
3, 5, 4663
What are the prime factors of 23708?
2, 5927
List the prime factors of 28552.
2, 43, 83
List the prime factors of 113184.
2, 3, 131
List the prime factors of 7401.
3, 2467
What are the prime factors of 22917?
3, 7639
List the prime factors of 2963.
2963
List the prime factors of 4722.
2, 3, 787
What are the prime factors of 107229?
3, 31, 1153
List the prime factors of 90480.
2, 3, 5, 13, 29
List the prime factors of 136.
2, 17
What are the prime factors of 3885?
3, 5, 7, 37
What are the prime factors of 849?
3, 283
What are the prime factors of 755?
5, 151
What are the prime factors of 54481?
7, 43, 181
What are the prime factors of 1069?
1069
What are the prime factors of 1568?
2, 7
List the prime factors of 57680.
2, 5, 7, 103
List the prime factors of 643.
643
List the prime factors of 108.
2, 3
What are the prime factors of 1283?
1283
What are the prime factors of 43838?
2, 23, 953
List the prime factors of 82855.
5, 73, 227
List the prime factors of 29630.
2, 5, 2963
What are the prime factors of 972?
2, 3
What are the prime factors of 1703?
13, 131
What are the prime factors of 2065?
5, 7, 59
What are the prime factors of 8958?
2, 3, 1493
What are the prime factors of 25617?
3, 8539
What are the prime factors of 1768?
2, 13, 17
What are the prime factors of 638?
2, 11, 29
What are the prime factors of 8734?
2, 11, 397
What are the prime factors of 106614?
2, 3, 5923
What are the prime factors of 1583?
1583
What are the prime factors of 392?
2, 7
What are the prime factors of 3532?
2, 883
What are the prime factors of 12812?
2, 3203
What are the prime factors of 11706?
2, 3, 1951
What are the prime factors of 2850?
2, 3, 5, 19
What are the prime factors of 89?
89
What are the prime factors of 11907?
3, 7
List the prime factors of 1596.
2, 3, 7, 19
What are the prime factors of 1208?
2, 151
List the prime factors of 44.
2, 11
What are the prime factors of 77915?
5, 15583
What are the prime factors of 11651?
61, 191
List the prime factors of 1365.
3, 5, 7, 13
What are the prime factors of 5928?
2, 3, 13, 19
List the prime factors of 495.
3, 5, 11
What are the prime factors of 294?
2, 3, 7
What are the prime factors of 3716?
2, 929
What are the prime factors of 335?
5, 67
List the prime factors of 916.
2, 229
List the prime factors of 16625.
5, 7, 19
What are the prime factors of 1362?
2, 3, 227
What are the prime factors of 868?
2, 7, 31
What are the prime factors of 15029?
7, 19, 113
What are the prime factors of 111885?
3, 5, 7459
What are the prime factors of 1472?
2, 23
List the prime factors of 1321.
1321
List the prime factors of 780.
2, 3, 5, 13
What are the prime factors of 10036?
2, 13, 193
What are the prime factors of 1186?
2, 593
List the prime factors of 5289.
3, 41, 43
List the prime factors of 60867.
3, 6763
List the prime factors of 4034.
2, 2017
List the prime factors of 6383.
13, 491
What are the prime factors of 3190?
2, 5, 11, 29
List the prime factors of 334.
2, 167
List the prime factors of 9313.
67, 139
List the prime factors of 119.
7, 17
List the prime factors of 46238.
2, 61, 379
List the prime factors of 16157.
107, 151
List the prime factors of 68.
2, 17
What are the prime factors of 841?
29
List the prime factors of 21150.
2, 3, 5, 47
What are the prime factors of 657?
3, 73
List the prime factors of 61062.
2, 3, 10177
List the prime factors of 579.
3, 193
What are the prime factors of 1268?
2, 317
What are the prime factors of 51571?
13, 3967
What are the prime factors of 13603?
61, 223
List the prime factors of 970.
2, 5, 97
What are the prime factors of 3415?
5, 683
What are the prime factors of 2117?
29, 73
List the prime factors of 6646.
2, 3323
List the prime factors of 50932.
2, 7, 17, 107
List the prime factors of 141198.
2, 3, 101, 233
List the prime factors of 11504.
2, 719
List the prime factors of 768.
2, 3
What are the prime factors of 460?
2, 5, 23
List the prime factors of 21578.
2, 10789
What are the prime factors of 2749?
2749
What are the prime factors of 3699?
3, 137
What are the prime factors of 339?
3, 113
List th